{"id":100,"date":"2019-08-28T08:23:38","date_gmt":"2019-08-28T08:23:38","guid":{"rendered":"http:\/\/dcgoe.de\/?page_id=100"},"modified":"2025-09-12T19:09:43","modified_gmt":"2025-09-12T19:09:43","slug":"ehemalige-vorstaende","status":"publish","type":"page","link":"https:\/\/dcgoe.de\/?page_id=100","title":{"rendered":"Ehemalige Vorst\u00e4nde"},"content":{"rendered":"\n<p>Dies sind die Vorst\u00e4nde der letzten Jahre:<\/p>\n\n\n\n<p>2024\/2025: Amelie Thran (Pr\u00e4sidentin), Titus Czajka (Vizepr\u00e4sident f\u00fcr Finanzen), Ellanora St\u00fcven (Vizepr\u00e4sidentin) und Nathalie A. Glodzei (Vizepr\u00e4sidentin)<\/p>\n\n\n\n<p>2023\/2024: Karsten Blunk (Pr\u00e4sident), Titus Czajka (Vizepr\u00e4sident f\u00fcr Finanzen), Iva Jahreis (Vizepr\u00e4sidentin), Hannah Bilgenroth (Vizepr\u00e4sidentin) und Eva Campenhausen (Vizepr\u00e4sidentin)<\/p>\n\n\n\n<p>2022\/2023: Hannah Bilgenroth (Pr\u00e4sidentin), Erik Ole Arand (Vizepr\u00e4sident f\u00fcr Finanzen), Kwaku Akumoah Boateng (Vizepr\u00e4sident) und Iva Jahreis (Vizepr\u00e4sidentin)<\/p>\n\n\n\n<p>2021\/2022: Hannah Bilgenroth (Pr\u00e4sidentin), Erik Ole Arand (Vizepr\u00e4sident f\u00fcr Finanzen) und Kwaku Akumoah Boateng (Vizepr\u00e4sident)<\/p>\n\n\n\n<p>2020\/2021: Jana Kozubski (Pr\u00e4sidentin), Jan Wolf (Vizepr\u00e4sident f\u00fcr Finanzen), Anja Winter (Vizepr\u00e4sidentin) und Lukas Harder (Vizepr\u00e4sident)<\/p>\n\n\n\n<p>2019\/2020: Konrad Knatz (Pr\u00e4sident), Jana Kozubski (Vizepr\u00e4sidentin f\u00fcr Finanzen), Dennis Tavares Valente (Vizepr\u00e4sident)<\/p>\n\n\n\n<p>2018\/19: Mareike Steiner (Pr\u00e4sidentin), Martin Reinhardt (Vizepr\u00e4sident), Viktoria von Kalm, Aaron Sch\u00f6ttler<\/p>\n\n\n\n<p>2017\/18: Mareike Steiner (Pr\u00e4sidentin), Habakuk Hain (Vizepr\u00e4sident), Nikos Bosse, S\u00f6ren Jacobsen, Nils Schl\u00fcter<\/p>\n\n\n\n<p>2016\/17: Habakuk Hain (Pr\u00e4sident), Nikos Bosse (Vizepr\u00e4sident), Lennart Roos, Gregorij Abramov, Jan Michal<\/p>\n\n\n\n<p>2015\/16: Alexander Osterkorn (Pr\u00e4sident), Sebastian Schwab (Vizepr\u00e4sident), Ruwen Fritsche, Habakuk Hain, Franziska Frese<\/p>\n\n\n\n<p>2014\/15: Alexander Osterkorn (Pr\u00e4sident), Sebastian Schwab (Vizepr\u00e4sident), Jan-Henrik Hinselmann, Ruwen Fritsche<\/p>\n\n\n\n<p>2013\/14: Ruwen Fritsche (Pr\u00e4sident), David Coenen-Sta\u00df (Vizepr\u00e4sident), Jan-Henrik Hinselmann, Franziska Frese<\/p>\n\n\n\n<p>2012\/13: Nikolas Friebe\/ Jannis Lennartz (Pr\u00e4sident), Christoph Wei\u00dfermel (Vizepr\u00e4sident), Franziska Frese, Christoph S\u00e4nger, Antonia Bautsch<\/p>\n\n\n\n<p>2011\/12: David Lamouroux (Pr\u00e4sident), Christoph Wei\u00dfermel (Vizepr\u00e4sident), Franziska Frese, Jannis Lennartz, Nikolas Friebe<\/p>\n\n\n\n<p>2010\/11: David Lamouroux (Pr\u00e4sident), Franziska Frese (Vizepr\u00e4sidentin), Gesa Erdbeer, Nils M\u00fcller<\/p>\n\n\n\n<p>2009\/10: Wolf-Fabian Hungerland (Pr\u00e4sident), Igor Fayler (Vizepr\u00e4sident), Inga Burk<\/p>\n\n\n\n<p>2008\/09: Wolf-Fabian Hungerland (Pr\u00e4sident), Hendrik M\u00fcller (Vizepr\u00e4sident), Alex Hannemann<\/p>\n\n\n\n<p>2007\/08: Ronny Juch (Pr\u00e4sident), Julia Hamburg (Vizepr\u00e4sidentin), Elisabeth Breden, Michael Pietsch<\/p>\n\n\n\n<p>2006\/07: Arne Nordmeyer (Pr\u00e4sident), Michael Pietsch (Vizepr\u00e4sident), Magnus Schmagold<\/p>\n\n\n\n<p>2006: Arne Nordmeyer (Pr\u00e4sident), Michael Pietsch (Vizepr\u00e4sident), Magnus Schmagold<\/p>\n\n\n\n<p>2005: Arne Nordmeyer (Pr\u00e4sident), Thomas M\u00fchlhausen (Vizepr\u00e4sident), Magnus Schmagold, Patrik Meier<\/p>\n\n\n\n<p>2004: Arne Nordmeyer (Pr\u00e4sident), Claudia Woesler (Vizepr\u00e4sident), Nicolas Friebe<\/p>\n\n\n\n<p><\/p>\n\n\n\n<p>Au\u00dferdem\n hat der Debattierclub Georgia Augusta e.V. folgende Mitglieder zu \nEhrenmitgliedern und -pr\u00e4sidenten ernannt, um ihre besonderen Verdienste\n um den Club hervorzuheben:<\/p>\n\n\n\n<p><strong>Ehrenmitglieder:<\/strong><\/p>\n\n\n\n<p>Prof. Dr. Frank Schorkopf, f\u00fcr seine Unterst\u00fctzung des studentischen Debattierens <\/p>\n\n\n\n<p>Antonia Bautsch <\/p>\n\n\n\n<p>Gabor Stefan <\/p>\n\n\n\n<p>Magnus Schmagold<\/p>\n\n\n\n<p>S\u00f6ren Jacobsen<\/p>\n\n\n\n<p><strong>Ehrenpr\u00e4sidenten:<\/strong><\/p>\n\n\n\n<p>Arne Nordmeyer, Gr\u00fcndungspr\u00e4sident <\/p>\n\n\n\n<p>David Lamouroux, Vierter Pr\u00e4sident <\/p>\n\n\n\n<p>Jannis Lennartz, Sechster Pr\u00e4sident <\/p>\n\n\n\n<p>Ruwen Fritsche, Siebter Pr\u00e4sident<\/p>\n\n\n\n<p>Sebastian Schwab, Vizepr\u00e4sident 2014 bis 2016 <\/p>\n\n\n\n<p>Alexander Osterkorn, Achter Pr\u00e4sident <\/p>\n\n\n\n<p>Mareike Steiner, Zehnte Pr\u00e4sidentin<\/p>\n\n\n\n<p>Lukas Harder, Vizepr\u00e4sident 2020\/2021<\/p>\n\n\n\n<p>Hannah Bilgenroth, Dreizehnte Pr\u00e4sidentin<\/p>\n","protected":false},"excerpt":{"rendered":"<p>Dies sind die Vorst\u00e4nde der letzten Jahre: 2024\/2025: Amelie Thran (Pr\u00e4sidentin), Titus Czajka (Vizepr\u00e4sident f\u00fcr Finanzen), Ellanora St\u00fcven (Vizepr\u00e4sidentin) und Nathalie A. Glodzei (Vizepr\u00e4sidentin) 2023\/2024: Karsten Blunk (Pr\u00e4sident), Titus Czajka (Vizepr\u00e4sident f\u00fcr Finanzen), Iva Jahreis (Vizepr\u00e4sidentin), Hannah Bilgenroth (Vizepr\u00e4sidentin) und Eva Campenhausen (Vizepr\u00e4sidentin) 2022\/2023: Hannah Bilgenroth (Pr\u00e4sidentin), Erik Ole Arand [&hellip;]<\/p>\n","protected":false},"author":5,"featured_media":0,"parent":0,"menu_order":0,"comment_status":"closed","ping_status":"closed","template":"","meta":{"_acf_changed":false,"footnotes":""},"class_list":["post-100","page","type-page","status-publish","hentry"],"acf":[],"_links":{"self":[{"href":"https:\/\/dcgoe.de\/index.php?rest_route=\/wp\/v2\/pages\/100","targetHints":{"allow":["GET"]}}],"collection":[{"href":"https:\/\/dcgoe.de\/index.php?rest_route=\/wp\/v2\/pages"}],"about":[{"href":"https:\/\/dcgoe.de\/index.php?rest_route=\/wp\/v2\/types\/page"}],"author":[{"embeddable":true,"href":"https:\/\/dcgoe.de\/index.php?rest_route=\/wp\/v2\/users\/5"}],"replies":[{"embeddable":true,"href":"https:\/\/dcgoe.de\/index.php?rest_route=%2Fwp%2Fv2%2Fcomments&post=100"}],"version-history":[{"count":12,"href":"https:\/\/dcgoe.de\/index.php?rest_route=\/wp\/v2\/pages\/100\/revisions"}],"predecessor-version":[{"id":501,"href":"https:\/\/dcgoe.de\/index.php?rest_route=\/wp\/v2\/pages\/100\/revisions\/501"}],"wp:attachment":[{"href":"https:\/\/dcgoe.de\/index.php?rest_route=%2Fwp%2Fv2%2Fmedia&parent=100"}],"curies":[{"name":"wp","href":"https:\/\/api.w.org\/{rel}","templated":true}]}}